{"id":64,"date":"2015-06-20T21:50:57","date_gmt":"2015-06-20T19:50:57","guid":{"rendered":"http:\/\/www.kartenlesegeraet24.de\/?page_id=64"},"modified":"2017-03-04T18:27:52","modified_gmt":"2017-03-04T17:27:52","slug":"standard-kartenlesegeraete-fuer-den-personalausweis","status":"publish","type":"page","link":"https:\/\/www.kartenlesegeraet24.de\/index.php\/unterscheidung-von-personalausweis-kartenleser\/standard-kartenlesegeraete-fuer-den-personalausweis\/","title":{"rendered":"Standard-Kartenleseger\u00e4te f\u00fcr den Personalausweis"},"content":{"rendered":"<h2>Standard-Kartenleser zur Verwendung der Online-Ausweisfunktion (eID-Funktion)<\/h2>\n<p><a rel=\"nofollow\" href=\"https:\/\/www.amazon.de\/gp\/product\/B004FQL8RY\/ref=as_li_tl?ie=UTF8&#038;camp=1638&#038;creative=6742&#038;creativeASIN=B004FQL8RY&#038;linkCode=as2&#038;tag=httpwwwper0af-21\"><br \/>\n<figure id=\"attachment_821\" aria-describedby=\"caption-attachment-821\" style=\"width: 450px\" class=\"wp-caption aligncenter\"><img loading=\"lazy\" decoding=\"async\" src=\"http:\/\/www.kartenlesegeraet24.de\/wp-content\/uploads\/2015\/06\/kartenlesegeraet-standard-kartenleser-reiner-sct-cyberjack-rfid-standard-003.jpg\" alt=\"cyberJack\u00ae standard (Standard-Kartenleser von REINER SCT)\" width=\"450\" height=\"320\" class=\"size-full wp-image-821\" srcset=\"https:\/\/www.kartenlesegeraet24.de\/wp-content\/uploads\/2015\/06\/kartenlesegeraet-standard-kartenleser-reiner-sct-cyberjack-rfid-standard-003.jpg 450w, https:\/\/www.kartenlesegeraet24.de\/wp-content\/uploads\/2015\/06\/kartenlesegeraet-standard-kartenleser-reiner-sct-cyberjack-rfid-standard-003-300x213.jpg 300w\" sizes=\"auto, (max-width: 450px) 100vw, 450px\" \/><figcaption id=\"caption-attachment-821\" class=\"wp-caption-text\">cyberJack\u00ae standard (Standard-Kartenleser von REINER SCT)<\/figcaption><\/figure><\/a><img loading=\"lazy\" decoding=\"async\" src=\"http:\/\/ir-de.amazon-adsystem.com\/e\/ir?t=httpwwwper0af-21&#038;l=as2&#038;o=3&#038;a=B004FQL8RY\" width=\"1\" height=\"1\" border=\"0\" alt=\"\" style=\"border:none !important; margin:0px !important;\" \/><\/p>\n<h3>Standard-Kartenleseger\u00e4te zur Nutzung der eID-Funktion (Online-Ausweisfunktion)<\/h3>\n<p><em>Standard-Kartenleseger\u00e4te<\/em> besitzen eine eigene Tastatur zur PIN-Eingabe, das sogenannte PIN-Pad. Weiterhin verf\u00fcgen Standard-Leseger\u00e4te optional \u00fcber ein eigenes Display, auf dem relevante Informationen dargestellt werden. Standard-Kartenleser dienen ausschlie\u00dflich zur Nutzung der Online-Ausweisfunktion des Personalausweises. Standard-Leser f\u00fcr den Personalausweis sind in der Regel deutlich teurer als Basis-Leseger\u00e4te, allerdings wesentlich g\u00fcnstiger als Komfort-Kartenleser f\u00fcr den Personalausweis.<\/p>\n<h3>Auflistung verschiedener Standard-Kartenleser<\/h3>\n<p>Folgend sind Standard-Kartenleseger\u00e4te aufgef\u00fchrt<\/p>\n<ul>\n<li><a href=\"http:\/\/www.kartenlesegeraet24.de\/index.php\/personalausweis-kartenlesegeraete\/unterscheidung-von-personalausweis-kartenleser\/standard-kartenlesegeraete-fuer-den-personalausweis\/standard-kartenlesegeraet-cyberjack-rfid-standard-von-reiner-sct\/\"> Standard-Kartenleseger\u00e4t cyberJack@ RFID standard von REINER SCT<\/a><\/li>\n<li><a href=\"http:\/\/www.kartenlesegeraet24.de\/index.php\/personalausweis-kartenlesegeraete\/unterscheidung-von-personalausweis-kartenleser\/standard-kartenlesegeraete-fuer-den-personalausweis\/standard-kartenlesegeraet-cyberjack-wave-von-reiner-sct\/\"> Standard-Kartenleseger\u00e4t cyberJack wave von REINER SCT<\/a><\/li>\n<p><!-- li><a href=\"http:\/\/www.kartenlesegeraet24.de\/index.php\/personalausweis-kartenlesegeraete\/unterscheidung-von-personalausweis-kartenleser\/standard-kartenlesegeraete-fuer-den-personalausweis\/standard-kartenlesegeraet-obid-myaxxess-standard-von-feig\/\"> Standard-Kartenleser OBID myAXXESS standard von FEIG<\/a><\/li>\n\n\n\n\n<li><a href=\"http:\/\/www.kartenlesegeraet24.de\/index.php\/personalausweis-kartenlesegeraete\/unterscheidung-von-personalausweis-kartenleser\/standard-kartenlesegeraete-fuer-den-personalausweis\/standard-kartenlesegeraet-acr128-von-acs\/\"> Standard-Kartenleseger\u00e4t ACR128 von ACS<\/a><\/li>\n\n\n\n\n<li><a href=\"http:\/\/www.kartenlesegeraet24.de\/index.php\/personalausweis-kartenlesegeraete\/unterscheidung-von-personalausweis-kartenleser\/standard-kartenlesegeraete-fuer-den-personalausweis\/standard-kartenlesegeraet-sdi010-von-identive\/\"> Standard-Kartenleseger\u00e4t SDI010 von Identive<\/a><\/li>\n\n\n\n\n<li><a href=\"http:\/\/www.kartenlesegeraet24.de\/index.php\/personalausweis-kartenlesegeraete\/unterscheidung-von-personalausweis-kartenleser\/standard-kartenlesegeraete-fuer-den-personalausweis\/standard-kartenlesegeraet-logo-rdr608-von-ask\/\"> Standard-Kartenleseger\u00e4t LoGO RDR608 von ASK<\/a><\/li>\n\n\n\n\n<li><a href=\"http:\/\/www.kartenlesegeraet24.de\/index.php\/personalausweis-kartenlesegeraete\/unterscheidung-von-personalausweis-kartenleser\/standard-kartenlesegeraete-fuer-den-personalausweis\/standard-kartenlesegeraet-id-engine-pad-von-baltech\/\"> Standard-Leseger\u00e4t ID-engine PAD von BALTECH<\/a><\/li>\n\n\n\n\n<li><a href=\"http:\/\/www.kartenlesegeraet24.de\/index.php\/personalausweis-kartenlesegeraete\/unterscheidung-von-personalausweis-kartenleser\/standard-kartenlesegeraete-fuer-den-personalausweis\/standard-kartenlesegeraet-asedsedrive-iiie-cl-contactless-smart-card-reader-von-athena\/\"> Standard-Kartenleser ASEDrive IIIe CL Contactless Smart Card Reader von athena<\/a><\/li>\n\n\n\n\n<li><a href=\"http:\/\/www.kartenlesegeraet24.de\/index.php\/personalausweis-kartenlesegeraete\/unterscheidung-von-personalausweis-kartenleser\/standard-kartenlesegeraete-fuer-den-personalausweis\/standard-kartenlesegeraet-st-1275-von-cherry\/\"> Standard-Kartenleseger\u00e4t ST 1275 von Cherry<\/a><\/li -->\n<\/ul>\n<h2>Beispiel f\u00fcr ein Standard-Leseger\u00e4t zur Nutzung des Personalausweises<\/h2>\n<h3>Standard-Leseger\u00e4t cyberJack wave Standard-Kartenleser von REINER SCT<\/h3>\n<p>Das <em><a href=\"http:\/\/www.kartenlesegeraet24.de\/index.php\/personalausweis-kartenlesegeraete\/unterscheidung-von-personalausweis-kartenleser\/standard-kartenlesegeraete-fuer-den-personalausweis\/standard-kartenlesegeraet-cyberjack-wave-von-reiner-sct\/\">Kartenleseger\u00e4t cyberJack wave<\/a> (Standard-Kartenleser von REINER SCT)<\/em> ist zur Nuzung verschiedener Anwendungen per kontaktloser Schnittstelle (RFID) geeignet, wie z. B. f\u00fcr <\/p>\n<ul>\n<li>die Verwendung als <a href=\"http:\/\/www.kartenlesegeraet24.de\/index.php\/beispiel-seite\/einsatzbereiche-von-kartenlesegeraeten\/\">Kartenleseger\u00e4t beim Online-Banking<\/a> und <\/li>\n<li>die Nutzung als <a href=\"http:\/\/www.kartenlesegeraet24.de\/index.php\/personalausweis-kartenlesegeraete\/\">Kartenleseger\u00e4t f\u00fcr den Einsatz der elektronischen Funktionen des Personalausweises<\/a><\/li>\n<\/ul>\n<p>geeignet.<\/p>\n<p><a rel=\"nofollow\" href=\"https:\/\/www.amazon.de\/gp\/product\/B00BX5DBR0\/ref=as_li_tl?ie=UTF8&#038;camp=1638&#038;creative=6742&#038;creativeASIN=B00BX5DBR0&#038;linkCode=as2&#038;tag=httpwwwper0af-21\"><figure id=\"attachment_810\" aria-describedby=\"caption-attachment-810\" style=\"width: 450px\" class=\"wp-caption aligncenter\"><img loading=\"lazy\" decoding=\"async\" src=\"http:\/\/www.kartenlesegeraet24.de\/wp-content\/uploads\/2015\/06\/kartenlesegeraet-cyberjack-wave-standard-kartenlesegeraet.jpg\" alt=\"cyberJack\u00ae wave (Standard-Kartenleser von REINER SCT)\" width=\"450\" height=\"320\" class=\"size-full wp-image-810\" srcset=\"https:\/\/www.kartenlesegeraet24.de\/wp-content\/uploads\/2015\/06\/kartenlesegeraet-cyberjack-wave-standard-kartenlesegeraet.jpg 450w, https:\/\/www.kartenlesegeraet24.de\/wp-content\/uploads\/2015\/06\/kartenlesegeraet-cyberjack-wave-standard-kartenlesegeraet-300x213.jpg 300w\" sizes=\"auto, (max-width: 450px) 100vw, 450px\" \/><figcaption id=\"caption-attachment-810\" class=\"wp-caption-text\">cyberJack\u00ae wave (Standard-Kartenleser von REINER SCT)<\/figcaption><\/figure><br \/>\n<\/a><img loading=\"lazy\" decoding=\"async\" src=\"http:\/\/ir-de.amazon-adsystem.com\/e\/ir?t=httpwwwper0af-21&#038;l=as2&#038;o=3&#038;a=B00BX5DBR0\" width=\"1\" height=\"1\" border=\"0\" alt=\"\" style=\"border:none !important; margin:0px !important;\" \/><\/p>\n<p>Grundlegend k\u00f6nnen Standard-Kartenleseger\u00e4te f\u00fcr den Personalausweis in<\/p>\n<ul>\n<li>zertifizierte Standard-Kartenleseger\u00e4te bzw.<\/li>\n<li>nicht zertifizierte Standard-Kartenleseger\u00e4te<\/li>\n<\/ul>\n<p>unterschieden werden.<\/p>\n","protected":false},"excerpt":{"rendered":"<p>Standard-Kartenleser zur Verwendung der Online-Ausweisfunktion (eID-Funktion) Standard-Kartenleseger\u00e4te zur Nutzung der eID-Funktion (Online-Ausweisfunktion) Standard-Kartenleseger\u00e4te besitzen eine eigene Tastatur zur PIN-Eingabe, das sogenannte PIN-Pad. Weiterhin verf\u00fcgen Standard-Leseger\u00e4te optional \u00fcber ein eigenes Display, auf dem relevante Informationen dargestellt werden. Standard-Kartenleser dienen ausschlie\u00dflich zur Nutzung der Online-Ausweisfunktion des Personalausweises. Standard-Leser f\u00fcr den Personalausweis sind in der Regel deutlich teurer &hellip; <a href=\"https:\/\/www.kartenlesegeraet24.de\/index.php\/unterscheidung-von-personalausweis-kartenleser\/standard-kartenlesegeraete-fuer-den-personalausweis\/\" class=\"more-link\"><span class=\"screen-reader-text\">Standard-Kartenleseger\u00e4te f\u00fcr den Personalausweis<\/span> weiterlesen <span class=\"meta-nav\">&rarr;<\/span><\/a><\/p>\n","protected":false},"author":1,"featured_media":0,"parent":14,"menu_order":200,"comment_status":"closed","ping_status":"closed","template":"","meta":{"footnotes":""},"class_list":["post-64","page","type-page","status-publish","hentry"],"_links":{"self":[{"href":"https:\/\/www.kartenlesegeraet24.de\/index.php\/wp-json\/wp\/v2\/pages\/64","targetHints":{"allow":["GET"]}}],"collection":[{"href":"https:\/\/www.kartenlesegeraet24.de\/index.php\/wp-json\/wp\/v2\/pages"}],"about":[{"href":"https:\/\/www.kartenlesegeraet24.de\/index.php\/wp-json\/wp\/v2\/types\/page"}],"author":[{"embeddable":true,"href":"https:\/\/www.kartenlesegeraet24.de\/index.php\/wp-json\/wp\/v2\/users\/1"}],"replies":[{"embeddable":true,"href":"https:\/\/www.kartenlesegeraet24.de\/index.php\/wp-json\/wp\/v2\/comments?post=64"}],"version-history":[{"count":26,"href":"https:\/\/www.kartenlesegeraet24.de\/index.php\/wp-json\/wp\/v2\/pages\/64\/revisions"}],"predecessor-version":[{"id":1682,"href":"https:\/\/www.kartenlesegeraet24.de\/index.php\/wp-json\/wp\/v2\/pages\/64\/revisions\/1682"}],"up":[{"embeddable":true,"href":"https:\/\/www.kartenlesegeraet24.de\/index.php\/wp-json\/wp\/v2\/pages\/14"}],"wp:attachment":[{"href":"https:\/\/www.kartenlesegeraet24.de\/index.php\/wp-json\/wp\/v2\/media?parent=64"}],"curies":[{"name":"wp","href":"https:\/\/api.w.org\/{rel}","templated":true}]}}