{"id":1458,"date":"2017-02-26T21:43:37","date_gmt":"2017-02-26T20:43:37","guid":{"rendered":"http:\/\/www.kartenlesegeraet24.de\/?page_id=1458"},"modified":"2017-02-26T21:45:54","modified_gmt":"2017-02-26T20:45:54","slug":"massnahmen-zum-schutz-fuer-eine-sichere-nutzung-der-online-ausweisfunktion-per-kartenlesegeraet","status":"publish","type":"page","link":"https:\/\/www.kartenlesegeraet24.de\/index.php\/sicherheit-von-personalausweis-kartenlesegeraeten\/massnahmen-zum-schutz-fuer-eine-sichere-nutzung-der-online-ausweisfunktion-per-kartenlesegeraet\/","title":{"rendered":"Ma\u00dfnahmen zum Schutz f\u00fcr eine sichere Nutzung der Online-Ausweisfunktion per Kartenleseger\u00e4t"},"content":{"rendered":"<h2>Ma\u00dfnahmen zum Schutz f\u00fcr eine sichere Nutzung der Online-Ausweisfunktion per Kartenleseger\u00e4tes<\/h2>\n<p>Die Absicherung des Nutzerrechners durch <\/p>\n<ul>\n<li>entsprechende Antivirensoftware,<\/li>\n<li>die Installation einer aktuellen Firewall und <\/li>\n<li>das regelm\u00e4\u00dfige Installieren von entsprechenden Sicherheitsupdates<\/li>\n<\/ul\nsind als die wichtigsten Sicherheitsma\u00dfnahme zu betrachten. Wobei die genannten Sicherheitsma\u00dfnahmen nicht f\u00fcr die Nutzung des Personalausweises typisch sind. Sie sind vielmehr als generelle Sicherheitsma\u00dfnahmen f\u00fcr Rechner zu betrachten. \n\n\n\n<h3>Rechtliche Pflicht des Nutzers<\/h3>\n<p>Ebenso ist in der aktuellen Rechtsprechung die Pflicht des Nutzers zur angemessenen Sicherung eines am Internet angeschlossenen Rechners verankert (siehe z. B. Landgericht K\u00f6ln 5.12.2007, 9 S 195\/07).<br \/>\n\u00c4hnlich wie bei anderen Karten gebundenen Systemen, z. B. Signaturkarten oder kryptographischen USB-Token, sollte nach der Nutzung des Personalausweises dieser vom Personalausweis-Kartenleser genommen werden.<br \/>\nDer Ausweisinhaber sollte nie die Kontrolle \u00fcber den Personalausweis abgeben, wie z. B. im Fall des Hinterlegens des Personalausweises in einem Hotel. Die Grundlage daf\u00fcr ist im Personalausweisgesetz (PAuswG) \u00a7 1 (1) Satz 3 definiert.<\/p>\n<h3>PIN \u00e4nderen, wenn n\u00f6tig<\/h3>\n<p>Bei einer kompromittierten PIN bzw. dem Verdacht einer kompromittierten PIN, sollte die PIN umgehend ge\u00e4ndert werden. Dies kann mit der Kenntnis der aktuellen PIN am eigenen Rechner durchgef\u00fchrt werden bzw. bei einer entsprechenden Ausweisbeh\u00f6rde. Ebenso ist es ratsam die Ausweis-PIN in regelm\u00e4\u00dfigen Abst\u00e4nden zu \u00e4ndern.<\/p>\n<h3>Online-Ausweisfunktion sperren, wenn n\u00f6tig<\/h3>\n<p>Sollte Missbrauchsgefahr f\u00fcr den Personalausweis bestehen, ist die zus\u00e4tzlich Sperrung des Ausweises bzw. der Online-Ausweisfunktion bei einer Ausweisbeh\u00f6rde oder per Sperrhotline dringend zu empfehlen.<\/p>\n","protected":false},"excerpt":{"rendered":"<p>Ma\u00dfnahmen zum Schutz f\u00fcr eine sichere Nutzung der Online-Ausweisfunktion per Kartenleseger\u00e4tes Die Absicherung des Nutzerrechners durch entsprechende Antivirensoftware, die Installation einer aktuellen Firewall und das regelm\u00e4\u00dfige Installieren von entsprechenden Sicherheitsupdates<\/p>\n","protected":false},"author":1,"featured_media":0,"parent":44,"menu_order":110,"comment_status":"closed","ping_status":"closed","template":"","meta":{"footnotes":""},"class_list":["post-1458","page","type-page","status-publish","hentry"],"_links":{"self":[{"href":"https:\/\/www.kartenlesegeraet24.de\/index.php\/wp-json\/wp\/v2\/pages\/1458","targetHints":{"allow":["GET"]}}],"collection":[{"href":"https:\/\/www.kartenlesegeraet24.de\/index.php\/wp-json\/wp\/v2\/pages"}],"about":[{"href":"https:\/\/www.kartenlesegeraet24.de\/index.php\/wp-json\/wp\/v2\/types\/page"}],"author":[{"embeddable":true,"href":"https:\/\/www.kartenlesegeraet24.de\/index.php\/wp-json\/wp\/v2\/users\/1"}],"replies":[{"embeddable":true,"href":"https:\/\/www.kartenlesegeraet24.de\/index.php\/wp-json\/wp\/v2\/comments?post=1458"}],"version-history":[{"count":3,"href":"https:\/\/www.kartenlesegeraet24.de\/index.php\/wp-json\/wp\/v2\/pages\/1458\/revisions"}],"predecessor-version":[{"id":1461,"href":"https:\/\/www.kartenlesegeraet24.de\/index.php\/wp-json\/wp\/v2\/pages\/1458\/revisions\/1461"}],"up":[{"embeddable":true,"href":"https:\/\/www.kartenlesegeraet24.de\/index.php\/wp-json\/wp\/v2\/pages\/44"}],"wp:attachment":[{"href":"https:\/\/www.kartenlesegeraet24.de\/index.php\/wp-json\/wp\/v2\/media?parent=1458"}],"curies":[{"name":"wp","href":"https:\/\/api.w.org\/{rel}","templated":true}]}}