{"id":1451,"date":"2017-02-26T16:04:33","date_gmt":"2017-02-26T15:04:33","guid":{"rendered":"http:\/\/www.kartenlesegeraet24.de\/?page_id=1451"},"modified":"2017-02-26T16:18:28","modified_gmt":"2017-02-26T15:18:28","slug":"sorgfaltspflicht-in-bezug-auf-den-personalausweis","status":"publish","type":"page","link":"https:\/\/www.kartenlesegeraet24.de\/index.php\/sicherheit-von-personalausweis-kartenlesegeraeten\/tipps-fuer-den-sicheren-umgang-mit-personalausweis-kartenlesegeraeten\/sorgfaltspflicht-in-bezug-auf-den-personalausweis\/","title":{"rendered":"Sorgfaltspflicht in Bezug auf den Personalausweis"},"content":{"rendered":"<h2>Sorgfaltspflicht in Bezug auf den Personalausweis &#8211; bei Verlust umgehend melden<\/h2>\n<p>Der Personalausweis ist personengebunden und sollte immer mitgef\u00fchrt werden. Es sollte keine andere Person Zugang zum Personalausweis haben. Das Hinterlegen des Personalausweises als Pfand, z. B. beim Einlass, in Hotel oder \u00c4hnliches, ist nach dem Personalausweisgesetz (PAuswG) \u00a7 1 (1) Satz 3 nicht zul\u00e4ssig. Nur \u00f6ffentlichen Beh\u00f6rden, der Polizei oder anderen staatlichen Institutionen bzw. Organen ist es gestattet, den Personalausweis entgegenzunehmen.<\/p>\n<h3>Hinweise und Ma\u00dfnahmen zur Sorgfaltspflicht bez\u00fcglich dem Personalausweis<\/h3>\n<p>Wurde der Personalausweis verloren bzw. gestohlen, ist der Verlust des Personalausweises umgehend bei der Personalausweisbeh\u00f6rde zu melden. Zus\u00e4tzlich sollten umgehend die Online-Ausweisfunktion (eID-Funktion) und die eSigns-Funktion (Unterschriftsfunktion) durch den Ausweisinhaber gesperrt werden. <\/p>\n<p>Die Sperrung der Online-Ausweisfunktion (Sperrung der eID-Funktion) kann unter <\/p>\n<ul>\n<li>der entsprechenden Hoteline bzw.<\/li>\n<li>bei einer Personalausweisbeh\u00f6rde<\/li>\n<\/ul>\n<p>veranlasst werden. Die Sperrung der Unterschriftsfunktion muss beim jeweiligen Anbieter veranlasst werden. <\/p>\n<p><strong>Wichtig: Zus\u00e4tzlich zum Sperren der eID-Funktion bzw. eSigns-Funktion (Unterschriftsfunktion) muss der Verlust des Personalausweises gemeldet werden.<\/strong><\/p>\n","protected":false},"excerpt":{"rendered":"<p>Sorgfaltspflicht in Bezug auf den Personalausweis &#8211; bei Verlust umgehend melden Der Personalausweis ist personengebunden und sollte immer mitgef\u00fchrt werden. Es sollte keine andere Person Zugang zum Personalausweis haben. Das Hinterlegen des Personalausweises als Pfand, z. B. beim Einlass, in Hotel oder \u00c4hnliches, ist nach dem Personalausweisgesetz (PAuswG) \u00a7 1 (1) Satz 3 nicht zul\u00e4ssig. &hellip; <a href=\"https:\/\/www.kartenlesegeraet24.de\/index.php\/sicherheit-von-personalausweis-kartenlesegeraeten\/tipps-fuer-den-sicheren-umgang-mit-personalausweis-kartenlesegeraeten\/sorgfaltspflicht-in-bezug-auf-den-personalausweis\/\" class=\"more-link\"><span class=\"screen-reader-text\">Sorgfaltspflicht in Bezug auf den Personalausweis<\/span> weiterlesen <span class=\"meta-nav\">&rarr;<\/span><\/a><\/p>\n","protected":false},"author":1,"featured_media":0,"parent":52,"menu_order":10,"comment_status":"closed","ping_status":"closed","template":"","meta":{"footnotes":""},"class_list":["post-1451","page","type-page","status-publish","hentry"],"_links":{"self":[{"href":"https:\/\/www.kartenlesegeraet24.de\/index.php\/wp-json\/wp\/v2\/pages\/1451","targetHints":{"allow":["GET"]}}],"collection":[{"href":"https:\/\/www.kartenlesegeraet24.de\/index.php\/wp-json\/wp\/v2\/pages"}],"about":[{"href":"https:\/\/www.kartenlesegeraet24.de\/index.php\/wp-json\/wp\/v2\/types\/page"}],"author":[{"embeddable":true,"href":"https:\/\/www.kartenlesegeraet24.de\/index.php\/wp-json\/wp\/v2\/users\/1"}],"replies":[{"embeddable":true,"href":"https:\/\/www.kartenlesegeraet24.de\/index.php\/wp-json\/wp\/v2\/comments?post=1451"}],"version-history":[{"count":1,"href":"https:\/\/www.kartenlesegeraet24.de\/index.php\/wp-json\/wp\/v2\/pages\/1451\/revisions"}],"predecessor-version":[{"id":1452,"href":"https:\/\/www.kartenlesegeraet24.de\/index.php\/wp-json\/wp\/v2\/pages\/1451\/revisions\/1452"}],"up":[{"embeddable":true,"href":"https:\/\/www.kartenlesegeraet24.de\/index.php\/wp-json\/wp\/v2\/pages\/52"}],"wp:attachment":[{"href":"https:\/\/www.kartenlesegeraet24.de\/index.php\/wp-json\/wp\/v2\/media?parent=1451"}],"curies":[{"name":"wp","href":"https:\/\/api.w.org\/{rel}","templated":true}]}}