{"id":1424,"date":"2017-02-26T13:00:06","date_gmt":"2017-02-26T12:00:06","guid":{"rendered":"http:\/\/www.kartenlesegeraet24.de\/?page_id=1424"},"modified":"2017-02-26T14:02:56","modified_gmt":"2017-02-26T13:02:56","slug":"personalausweis-nur-bei-nutzung-auf-ein-kartenleser-platzieren","status":"publish","type":"page","link":"https:\/\/www.kartenlesegeraet24.de\/index.php\/sicherheit-von-personalausweis-kartenlesegeraeten\/tipps-fuer-den-sicheren-umgang-mit-personalausweis-kartenlesegeraeten\/personalausweis-nur-bei-nutzung-auf-ein-kartenleser-platzieren\/","title":{"rendered":"Personalausweis nur bei Nutzung auf den Kartenleser legen"},"content":{"rendered":"<h2>Personalausweis nur bei Nutzung auf den Kartenleser platzieren<\/h2>\n<p>Der Personalausweis sollte nur bei einer tats\u00e4chlichen Nutzung der eID-Funktion oder eSigns-Funktion auf den Kartenleser platziert werden. Das elektronische Ausweisdokument sollte nicht auf dem Kartenleser platziert werden, wenn er nicht genutzt wird. <\/p>\n<h3>Personalausweis nur bei Nutzung auf den Kartenleser platzieren<\/h3>\n<p>Mit Hilfe von manipulierter Software bzw. manipulierten Webseiten k\u00f6nnten Angreifer theoretisch Zugriff auf die Ausweis-PIN bzw. entsprechende Software (Firmware des Kartenlesers oder die AusweisApp bzw. den jeweilig verwendeten eID-Client) erhalten. Dadurch w\u00e4re es theoretisch m\u00f6glich die personenbezogenen Daten aus dem Personalausweis auslesen und folgend missbr\u00e4uchlich zu nutzen.<\/p>\n<figure id=\"attachment_1427\" aria-describedby=\"caption-attachment-1427\" style=\"width: 600px\" class=\"wp-caption aligncenter\"><img loading=\"lazy\" decoding=\"async\" src=\"http:\/\/www.kartenlesegeraet24.de\/wp-content\/uploads\/2017\/02\/personalausweis-liegt-neben-kartenleser.jpg\" alt=\"Personalausweis liegt neben Kartenleser\" width=\"600\" height=\"376\" class=\"size-full wp-image-1427\" srcset=\"https:\/\/www.kartenlesegeraet24.de\/wp-content\/uploads\/2017\/02\/personalausweis-liegt-neben-kartenleser.jpg 600w, https:\/\/www.kartenlesegeraet24.de\/wp-content\/uploads\/2017\/02\/personalausweis-liegt-neben-kartenleser-300x188.jpg 300w\" sizes=\"auto, (max-width: 600px) 100vw, 600px\" \/><figcaption id=\"caption-attachment-1427\" class=\"wp-caption-text\">Personalausweis liegt neben Kartenleser<\/figcaption><\/figure>\n<h3>Hinweise (Ma\u00dfnahmen) zur Sorgfaltspflicht<\/h3>\n<p>Nach der erfolgreichen Nutzung des Personalausweises sollte der Personalausweis vom entsprechenden Kartenleser genommen werden.<\/p>\n","protected":false},"excerpt":{"rendered":"<p>Personalausweis nur bei Nutzung auf den Kartenleser platzieren Der Personalausweis sollte nur bei einer tats\u00e4chlichen Nutzung der eID-Funktion oder eSigns-Funktion auf den Kartenleser platziert werden. Das elektronische Ausweisdokument sollte nicht auf dem Kartenleser platziert werden, wenn er nicht genutzt wird. Personalausweis nur bei Nutzung auf den Kartenleser platzieren Mit Hilfe von manipulierter Software bzw. manipulierten &hellip; <a href=\"https:\/\/www.kartenlesegeraet24.de\/index.php\/sicherheit-von-personalausweis-kartenlesegeraeten\/tipps-fuer-den-sicheren-umgang-mit-personalausweis-kartenlesegeraeten\/personalausweis-nur-bei-nutzung-auf-ein-kartenleser-platzieren\/\" class=\"more-link\"><span class=\"screen-reader-text\">Personalausweis nur bei Nutzung auf den Kartenleser legen<\/span> weiterlesen <span class=\"meta-nav\">&rarr;<\/span><\/a><\/p>\n","protected":false},"author":1,"featured_media":0,"parent":52,"menu_order":100,"comment_status":"closed","ping_status":"closed","template":"","meta":{"footnotes":""},"class_list":["post-1424","page","type-page","status-publish","hentry"],"_links":{"self":[{"href":"https:\/\/www.kartenlesegeraet24.de\/index.php\/wp-json\/wp\/v2\/pages\/1424","targetHints":{"allow":["GET"]}}],"collection":[{"href":"https:\/\/www.kartenlesegeraet24.de\/index.php\/wp-json\/wp\/v2\/pages"}],"about":[{"href":"https:\/\/www.kartenlesegeraet24.de\/index.php\/wp-json\/wp\/v2\/types\/page"}],"author":[{"embeddable":true,"href":"https:\/\/www.kartenlesegeraet24.de\/index.php\/wp-json\/wp\/v2\/users\/1"}],"replies":[{"embeddable":true,"href":"https:\/\/www.kartenlesegeraet24.de\/index.php\/wp-json\/wp\/v2\/comments?post=1424"}],"version-history":[{"count":5,"href":"https:\/\/www.kartenlesegeraet24.de\/index.php\/wp-json\/wp\/v2\/pages\/1424\/revisions"}],"predecessor-version":[{"id":1430,"href":"https:\/\/www.kartenlesegeraet24.de\/index.php\/wp-json\/wp\/v2\/pages\/1424\/revisions\/1430"}],"up":[{"embeddable":true,"href":"https:\/\/www.kartenlesegeraet24.de\/index.php\/wp-json\/wp\/v2\/pages\/52"}],"wp:attachment":[{"href":"https:\/\/www.kartenlesegeraet24.de\/index.php\/wp-json\/wp\/v2\/media?parent=1424"}],"curies":[{"name":"wp","href":"https:\/\/api.w.org\/{rel}","templated":true}]}}