{"id":14,"date":"2015-06-20T21:17:19","date_gmt":"2015-06-20T19:17:19","guid":{"rendered":"http:\/\/www.kartenlesegeraet24.de\/?page_id=14"},"modified":"2017-06-09T12:14:23","modified_gmt":"2017-06-09T10:14:23","slug":"unterscheidung-von-personalausweis-kartenleser","status":"publish","type":"page","link":"https:\/\/www.kartenlesegeraet24.de\/index.php\/unterscheidung-von-personalausweis-kartenleser\/","title":{"rendered":"Unterscheidung von Personalausweis-Kartenleseger\u00e4ten"},"content":{"rendered":"<h2>Basis-Kartenleseger\u00e4t, Standard-Kartenleseger\u00e4t und Komfort-Kartenleseger\u00e4t<\/h2>\n<p>Kartenleseger\u00e4ten f\u00fcr den Einsatz des elektronischen Personalausweises werden in folgende Kartenleseger\u00e4ttypen unterschieden.<\/p>\n<ul>\n<li><a href=\"http:\/\/www.kartenlesegeraet24.de\/index.php\/personalausweis-kartenlesegeraete\/unterscheidung-von-personalausweis-kartenleser\/komfort-kartenlesegeraete-fuer-den-personalausweis\/\">&raquo; Komfort-Kartenleser<\/a>\n<li><a href=\"http:\/\/www.kartenlesegeraet24.de\/index.php\/personalausweis-kartenlesegeraete\/unterscheidung-von-personalausweis-kartenleser\/standard-kartenlesegeraete-fuer-den-personalausweis\/\">&raquo; Standard-Kartenleseger\u00e4t<\/a>\n<li><a href=\"http:\/\/www.kartenlesegeraet24.de\/index.php\/personalausweis-kartenlesegeraete\/unterscheidung-von-personalausweis-kartenleser\/basis-kartenlesegeraete-fuer-den-personalausweis\/\">&raquo; Basis-Leseger\u00e4t<\/a>\n<\/ul>\n<h3>Nutzung des elektronischen Personalausweises per Kartenleser<\/h3>\n<p>Mit den aufgef\u00fchrten Personalausweis-Kartenleseger\u00e4ten ist es m\u00f6glich die elektronischen Funktionen des Personalausweises zu nutzen, diese sind die<\/p>\n<ul>\n<li>Online-Ausweisfunktion (eID-Funktion) bzw.<\/li>\n<li>Unterschriftsfunktion (eSigns-Funktion).<\/li>\n<\/ul>\n<p>Allerdings kann nicht mit jedem Kartenleser, jede Funktion genutzt werden, da einigen Leseger\u00e4ten entsprechende Sicherheitsmechanismen fehlen. Eine \u00dcbersicht zu den verschiedenen Kartenlesertypen und ihren Nutzungsbereich ist folgende verlinkt.<\/p>\n<p><a href=\"http:\/\/www.kartenlesegeraet24.de\/index.php\/personalausweis-kartenlesegeraete\/vergleich-der-verschiedenen-personalausweis-kartenlesertypen\/\">&raquo; Verschiedenen Kartenlesertypen zur Verwendung des Personalausweises<\/a><\/p>\n","protected":false},"excerpt":{"rendered":"<p>Basis-Kartenleseger\u00e4t, Standard-Kartenleseger\u00e4t und Komfort-Kartenleseger\u00e4t Kartenleseger\u00e4ten f\u00fcr den Einsatz des elektronischen Personalausweises werden in folgende Kartenleseger\u00e4ttypen unterschieden. &raquo; Komfort-Kartenleser &raquo; Standard-Kartenleseger\u00e4t &raquo; Basis-Leseger\u00e4t Nutzung des elektronischen Personalausweises per Kartenleser Mit den aufgef\u00fchrten Personalausweis-Kartenleseger\u00e4ten ist es m\u00f6glich die elektronischen Funktionen des Personalausweises zu nutzen, diese sind die Online-Ausweisfunktion (eID-Funktion) bzw. Unterschriftsfunktion (eSigns-Funktion). Allerdings kann nicht mit jedem &hellip; <a href=\"https:\/\/www.kartenlesegeraet24.de\/index.php\/unterscheidung-von-personalausweis-kartenleser\/\" class=\"more-link\"><span class=\"screen-reader-text\">Unterscheidung von Personalausweis-Kartenleseger\u00e4ten<\/span> weiterlesen <span class=\"meta-nav\">&rarr;<\/span><\/a><\/p>\n","protected":false},"author":1,"featured_media":0,"parent":0,"menu_order":20,"comment_status":"closed","ping_status":"closed","template":"","meta":{"footnotes":""},"class_list":["post-14","page","type-page","status-publish","hentry"],"_links":{"self":[{"href":"https:\/\/www.kartenlesegeraet24.de\/index.php\/wp-json\/wp\/v2\/pages\/14","targetHints":{"allow":["GET"]}}],"collection":[{"href":"https:\/\/www.kartenlesegeraet24.de\/index.php\/wp-json\/wp\/v2\/pages"}],"about":[{"href":"https:\/\/www.kartenlesegeraet24.de\/index.php\/wp-json\/wp\/v2\/types\/page"}],"author":[{"embeddable":true,"href":"https:\/\/www.kartenlesegeraet24.de\/index.php\/wp-json\/wp\/v2\/users\/1"}],"replies":[{"embeddable":true,"href":"https:\/\/www.kartenlesegeraet24.de\/index.php\/wp-json\/wp\/v2\/comments?post=14"}],"version-history":[{"count":24,"href":"https:\/\/www.kartenlesegeraet24.de\/index.php\/wp-json\/wp\/v2\/pages\/14\/revisions"}],"predecessor-version":[{"id":1498,"href":"https:\/\/www.kartenlesegeraet24.de\/index.php\/wp-json\/wp\/v2\/pages\/14\/revisions\/1498"}],"wp:attachment":[{"href":"https:\/\/www.kartenlesegeraet24.de\/index.php\/wp-json\/wp\/v2\/media?parent=14"}],"curies":[{"name":"wp","href":"https:\/\/api.w.org\/{rel}","templated":true}]}}