{"id":1347,"date":"2017-02-22T11:40:06","date_gmt":"2017-02-22T10:40:06","guid":{"rendered":"http:\/\/www.kartenlesegeraet24.de\/?page_id=1347"},"modified":"2017-02-25T12:35:51","modified_gmt":"2017-02-25T11:35:51","slug":"kartenleser-zur-nutzung-von-hybridkarten","status":"publish","type":"page","link":"https:\/\/www.kartenlesegeraet24.de\/index.php\/kartenleser-bzw-kartenlesegeraete\/kontaktlose-bzw-kontaktbehaftete-kartenleser\/kartenleser-zur-nutzung-von-hybridkarten\/","title":{"rendered":"Kartenleser zur Nutzung von Hybridkarten"},"content":{"rendered":"<h2>Kartenleseger\u00e4te zur Verwendung von Hybridkarten<\/h2>\n<p>Neben Kartenleseger\u00e4ten zur Verwendung von kontaktlosen bzw. kontaktbehafteten Karten, gibt es Kartenleser, die sowohl kontaktlose bzw. kontaktbehaftet Karten auslesen k\u00f6nnen. Diese Kartenleser werden als <em>hybride Kartenleser<\/em> bezeichnet. Ein Kartenleser der Informationen aus Karten sowohl per RFID-Technologie und \u00fcber Magnetstreifen auslesen kann, ist so ein Hybrid-Kartenleser.<\/p>\n<h3>Vorteile von Hybrid-Kartenlesern<\/h3>\n<p>Der Vorteil von hybriden Leseger\u00e4ten besteht darin, dass mit einem Ger\u00e4t zwei Kartentypen genutzt werden k\u00f6nnen. Daher muss auch nur ein entsprechender Kartenleser platziert werden, was eine Platzersparnis bedeuten kann. Ebenso muss w\u00e4hrend der Nutzungszeit des Hybrid-Kartenleseger\u00e4tes nur ein Leser gewartet und gepflegt werden.<\/p>\n<h3>Beispiel f\u00fcr ein hybrides Leseger\u00e4t<\/h3>\n<p>Ein Beispiel f\u00fcr ein hybrides Leseger\u00e4t ist der Kartenleser <em>Omnikey 5325 Prox USB<\/em>. Dieses Ger\u00e4t mit <a href=\"http:\/\/www.kartenlesegeraet24.de\/index.php\/kartenleser-bzw-kartenlesegeraete\/kontaktlose-bzw-kontaktbehaftete-kartenleser\/dual-interface-chipkarten\/\"><strong>Dual-Interface<\/strong><\/a>. Der &#8222;Omnikey 5325 Prox USB&#8220; kann kontaktbehaftete und kontaktlose Chipkarten auslesen.<br \/>\n<figure id=\"attachment_1387\" aria-describedby=\"caption-attachment-1387\" style=\"width: 650px\" class=\"wp-caption aligncenter\"><img loading=\"lazy\" decoding=\"async\" src=\"http:\/\/www.kartenlesegeraet24.de\/wp-content\/uploads\/2017\/02\/hybridkartenleser-omnikey-5325-prox-usb.jpg\" alt=\"Hybridkartenleser Omnikey 5325 prox USB\" width=\"650\" height=\"458\" class=\"size-full wp-image-1387\" srcset=\"https:\/\/www.kartenlesegeraet24.de\/wp-content\/uploads\/2017\/02\/hybridkartenleser-omnikey-5325-prox-usb.jpg 650w, https:\/\/www.kartenlesegeraet24.de\/wp-content\/uploads\/2017\/02\/hybridkartenleser-omnikey-5325-prox-usb-300x211.jpg 300w\" sizes=\"auto, (max-width: 650px) 100vw, 650px\" \/><figcaption id=\"caption-attachment-1387\" class=\"wp-caption-text\">Hybridkartenleser Omnikey 5325 prox USB<\/figcaption><\/figure><\/p>\n","protected":false},"excerpt":{"rendered":"<p>Kartenleseger\u00e4te zur Verwendung von Hybridkarten Neben Kartenleseger\u00e4ten zur Verwendung von kontaktlosen bzw. kontaktbehafteten Karten, gibt es Kartenleser, die sowohl kontaktlose bzw. kontaktbehaftet Karten auslesen k\u00f6nnen. Diese Kartenleser werden als hybride Kartenleser bezeichnet. Ein Kartenleser der Informationen aus Karten sowohl per RFID-Technologie und \u00fcber Magnetstreifen auslesen kann, ist so ein Hybrid-Kartenleser. Vorteile von Hybrid-Kartenlesern Der Vorteil &hellip; <a href=\"https:\/\/www.kartenlesegeraet24.de\/index.php\/kartenleser-bzw-kartenlesegeraete\/kontaktlose-bzw-kontaktbehaftete-kartenleser\/kartenleser-zur-nutzung-von-hybridkarten\/\" class=\"more-link\"><span class=\"screen-reader-text\">Kartenleser zur Nutzung von Hybridkarten<\/span> weiterlesen <span class=\"meta-nav\">&rarr;<\/span><\/a><\/p>\n","protected":false},"author":1,"featured_media":0,"parent":1128,"menu_order":30,"comment_status":"closed","ping_status":"closed","template":"","meta":{"footnotes":""},"class_list":["post-1347","page","type-page","status-publish","hentry"],"_links":{"self":[{"href":"https:\/\/www.kartenlesegeraet24.de\/index.php\/wp-json\/wp\/v2\/pages\/1347","targetHints":{"allow":["GET"]}}],"collection":[{"href":"https:\/\/www.kartenlesegeraet24.de\/index.php\/wp-json\/wp\/v2\/pages"}],"about":[{"href":"https:\/\/www.kartenlesegeraet24.de\/index.php\/wp-json\/wp\/v2\/types\/page"}],"author":[{"embeddable":true,"href":"https:\/\/www.kartenlesegeraet24.de\/index.php\/wp-json\/wp\/v2\/users\/1"}],"replies":[{"embeddable":true,"href":"https:\/\/www.kartenlesegeraet24.de\/index.php\/wp-json\/wp\/v2\/comments?post=1347"}],"version-history":[{"count":16,"href":"https:\/\/www.kartenlesegeraet24.de\/index.php\/wp-json\/wp\/v2\/pages\/1347\/revisions"}],"predecessor-version":[{"id":1399,"href":"https:\/\/www.kartenlesegeraet24.de\/index.php\/wp-json\/wp\/v2\/pages\/1347\/revisions\/1399"}],"up":[{"embeddable":true,"href":"https:\/\/www.kartenlesegeraet24.de\/index.php\/wp-json\/wp\/v2\/pages\/1128"}],"wp:attachment":[{"href":"https:\/\/www.kartenlesegeraet24.de\/index.php\/wp-json\/wp\/v2\/media?parent=1347"}],"curies":[{"name":"wp","href":"https:\/\/api.w.org\/{rel}","templated":true}]}}