{"id":1346,"date":"2017-02-22T11:44:37","date_gmt":"2017-02-22T10:44:37","guid":{"rendered":"http:\/\/www.kartenlesegeraet24.de\/?page_id=1346"},"modified":"2017-06-09T12:27:38","modified_gmt":"2017-06-09T10:27:38","slug":"kartenleser-zur-verwendung-von-kontaktlosen-karten","status":"publish","type":"page","link":"https:\/\/www.kartenlesegeraet24.de\/index.php\/kartenleser-bzw-kartenlesegeraete\/kontaktlose-bzw-kontaktbehaftete-kartenleser\/kartenleser-zur-verwendung-von-kontaktlosen-karten\/","title":{"rendered":"Kartenleser zur Verwendung von kontaktlosen Karten"},"content":{"rendered":"<h2>Kontaktlose Kartenleser (RFID Reader)<\/h2>\n<p>Meist werden kontaktlose Kartenleser per RFID-Technologie realisiert, daher wird in diesem Zusammenhang von RFID-Kartenlesern bzw. RFID Readern gesprochen. Beim Einsatz von kontaktlosen RFID Readern werden die Informationen von der Karte (bzw. Chip) mittels RFID Transponder ausgelesen, \u00fcbertragen und somit zwischen Karte und Kartenleser gegenseitig austauschen.<\/p>\n<h3>Beispiel f\u00fcr Leseger\u00e4t zur Nutzung von kontaktlosen Karten<\/h3>\n<p>Ein Beispiel f\u00fcr ein kontaktloses Leseger\u00e4t ist der <a href=\"http:\/\/www.kartenlesegeraet24.de\/index.php\/personalausweis-kartenlesegeraete\/unterscheidung-von-personalausweis-kartenleser\/basis-kartenlesegeraete-fuer-den-personalausweis\/basis-kartenlesegeraet-cyberjack-rfid-basis-von-reiner-sct\/\">Basis-Kartenleser<\/a> <em>cyberJack RFID basis<\/em> (Smartcard Reader) der Firma <a href=\"http:\/\/www.kartenlesegeraet24.de\/index.php\/personalausweis-kartenlesegeraete\/weiter-informationen-zu-personalausweis-kartenlesegeraeten\/hersteller-von-personalausweis-kartenlesegeraeten\/kartenlesegeraethersteller-reiner-sct\/\">REINER SCT<\/a>. Das Kartenleseger\u00e4t der Sicherheitsklasse 1 verf\u00fcgt \u00fcber eine USB 2.0- Schnittstellen, mit der es an den Rechner angeschlossen werden kann. Der Basis-Kartenleser ist vom BSI <a href=\"http:\/\/www.kartenlesegeraet24.de\/index.php\/personalausweis-kartenlesegeraete\/weiter-informationen-zu-personalausweis-kartenlesegeraeten\/zertifizierung-von-personalausweis-kartenlesegeraeten\/\">zertifiziert<\/a> und updatef\u00e4hig. Der Kartenleser eignet sich z. B. f\u00fcr die Nutzung der elektronischen Funktionen des Personalausweises.<br \/>\n<figure id=\"attachment_1372\" aria-describedby=\"caption-attachment-1372\" style=\"width: 600px\" class=\"wp-caption aligncenter\"><img loading=\"lazy\" decoding=\"async\" src=\"http:\/\/www.kartenlesegeraet24.de\/wp-content\/uploads\/2017\/02\/kontaktloser-kartenleser-reiner-sct-cyberjack-basis.jpg\" alt=\"Kontaktloser Kartenleser von REINER SCT cyberJack basis\" width=\"600\" height=\"320\" class=\"size-full wp-image-1372\" srcset=\"https:\/\/www.kartenlesegeraet24.de\/wp-content\/uploads\/2017\/02\/kontaktloser-kartenleser-reiner-sct-cyberjack-basis.jpg 600w, https:\/\/www.kartenlesegeraet24.de\/wp-content\/uploads\/2017\/02\/kontaktloser-kartenleser-reiner-sct-cyberjack-basis-300x160.jpg 300w\" sizes=\"auto, (max-width: 600px) 100vw, 600px\" \/><figcaption id=\"caption-attachment-1372\" class=\"wp-caption-text\">Kontaktloser Kartenleser von REINER SCT cyberJack basis<\/figcaption><\/figure><\/p>\n<h3>Bauweise von kontaktlosen RFID-Kartenlesern<\/h3>\n<p>Kontaktlose Kartenleser werden in verschiedenen Bauweisen und f\u00fcr verschiedene Nutzungsf\u00e4lle angeboten. So gibt es kontaktlose Kartenleser mit USB-Anschluss (USB-Reader) f\u00fcr den Einsatz am Arbeitsplatz. Ebenso k\u00f6nnen f\u00fcr die mobile Verwendung unterwegs entsprechende USB-Dongles eingesetzt werden. Auch werden solche kontaktlosen Ger\u00e4te in andere Nutzger\u00e4te eingebaut, wie z. B. Kartendrucker.<\/p>\n<h3>Nutzungsbereich f\u00fcr kontaktlose Kartenleser (RFID Reader)<\/h3>\n<p>Die Zutrittskontrolle, Computer-, Netzwerk-, Rechner- bzw. Clientauthentifizierung, die Zeiterfassung, der bargeldloser Zahlungsverkehr sowie E-Health und E-Government sind Einsatzfelder von kontaktlosen Kartenleseger\u00e4ten (RFID Reader). Dabei werden die RFID Reader oft als Teil einer kompletten L\u00f6sung (Kartensystem) angeboten. Verschiedene <a href=\"http:\/\/www.kartenlesegeraet24.de\/index.php\/personalausweis-kartenlesegeraete\/weiter-informationen-zu-personalausweis-kartenlesegeraeten\/hersteller-von-personalausweis-kartenlesegeraeten\/\">Kartenleserhersteller<\/a> bieten solche kontaktlosen Kartenleser bzw. dazugeh\u00f6rige Kartensystem-Komplettl\u00f6sungen an.<\/p>\n","protected":false},"excerpt":{"rendered":"<p>Kontaktlose Kartenleser (RFID Reader) Meist werden kontaktlose Kartenleser per RFID-Technologie realisiert, daher wird in diesem Zusammenhang von RFID-Kartenlesern bzw. RFID Readern gesprochen. Beim Einsatz von kontaktlosen RFID Readern werden die Informationen von der Karte (bzw. Chip) mittels RFID Transponder ausgelesen, \u00fcbertragen und somit zwischen Karte und Kartenleser gegenseitig austauschen. Beispiel f\u00fcr Leseger\u00e4t zur Nutzung von &hellip; <a href=\"https:\/\/www.kartenlesegeraet24.de\/index.php\/kartenleser-bzw-kartenlesegeraete\/kontaktlose-bzw-kontaktbehaftete-kartenleser\/kartenleser-zur-verwendung-von-kontaktlosen-karten\/\" class=\"more-link\"><span class=\"screen-reader-text\">Kartenleser zur Verwendung von kontaktlosen Karten<\/span> weiterlesen <span class=\"meta-nav\">&rarr;<\/span><\/a><\/p>\n","protected":false},"author":1,"featured_media":0,"parent":1128,"menu_order":10,"comment_status":"closed","ping_status":"closed","template":"","meta":{"footnotes":""},"class_list":["post-1346","page","type-page","status-publish","hentry"],"_links":{"self":[{"href":"https:\/\/www.kartenlesegeraet24.de\/index.php\/wp-json\/wp\/v2\/pages\/1346","targetHints":{"allow":["GET"]}}],"collection":[{"href":"https:\/\/www.kartenlesegeraet24.de\/index.php\/wp-json\/wp\/v2\/pages"}],"about":[{"href":"https:\/\/www.kartenlesegeraet24.de\/index.php\/wp-json\/wp\/v2\/types\/page"}],"author":[{"embeddable":true,"href":"https:\/\/www.kartenlesegeraet24.de\/index.php\/wp-json\/wp\/v2\/users\/1"}],"replies":[{"embeddable":true,"href":"https:\/\/www.kartenlesegeraet24.de\/index.php\/wp-json\/wp\/v2\/comments?post=1346"}],"version-history":[{"count":10,"href":"https:\/\/www.kartenlesegeraet24.de\/index.php\/wp-json\/wp\/v2\/pages\/1346\/revisions"}],"predecessor-version":[{"id":1864,"href":"https:\/\/www.kartenlesegeraet24.de\/index.php\/wp-json\/wp\/v2\/pages\/1346\/revisions\/1864"}],"up":[{"embeddable":true,"href":"https:\/\/www.kartenlesegeraet24.de\/index.php\/wp-json\/wp\/v2\/pages\/1128"}],"wp:attachment":[{"href":"https:\/\/www.kartenlesegeraet24.de\/index.php\/wp-json\/wp\/v2\/media?parent=1346"}],"curies":[{"name":"wp","href":"https:\/\/api.w.org\/{rel}","templated":true}]}}