{"id":1322,"date":"2017-02-21T10:30:34","date_gmt":"2017-02-21T09:30:34","guid":{"rendered":"http:\/\/www.kartenlesegeraet24.de\/?page_id=1322"},"modified":"2017-06-09T12:41:19","modified_gmt":"2017-06-09T10:41:19","slug":"kartenlesegeraethersteller-reiner-sct","status":"publish","type":"page","link":"https:\/\/www.kartenlesegeraet24.de\/index.php\/weiter-informationen-zu-personalausweis-kartenlesegeraeten\/hersteller-von-personalausweis-kartenlesegeraeten\/kartenlesegeraethersteller-reiner-sct\/","title":{"rendered":"Kartenleseger\u00e4thersteller REINER SCT"},"content":{"rendered":"<h2>Kartenleseger\u00e4tehersteller REINER SCT<\/h2>\n<p>REINER SCT (REINER Kartenger\u00e4te GmbH und Co. KG) mit Sitz in Furtwangen geh\u00f6ren zur REINER Gruppe (Reiner GmbH &#038; Co. KG). REINER SCT wurde 1997 gegr\u00fcndet und besch\u00e4ftigt aktuell 45 Mitarbeiter. REINER SCT bietet diverse Produkte und L\u00f6sungen zur Verwendung von Chipkarten bzw. dem Einsatzes von Chipkartenlesern.<\/p>\n<h3>Gesch\u00e4ftsfelder von REINER SCT<\/h3>\n<p>REINER SCT entwickelt und produziert seine Produkte in Deutschland, wie z. B. Chipkartenleseger\u00e4te bzw. Smartcard Reader. Dabei hat sich REINER SCT auf hochwertige Produkte f\u00fcr den Bankensektor und dessen Endkunden spezialisiert. Zus\u00e4tzlich ist REINER SCT auch auf diversen anderen Gebieten aktiv, wie z. B. der Entwicklung und Herstellung von <a href=\"http:\/\/www.kartenlesegeraet24.de\/index.php\/personalausweis-kartenlesegeraete\/\">Kartenlesern zur Nutzung der elektronischen Funktionen des Personalausweises<\/a>.<\/p>\n<h3>Webseite von REINER SCT<\/h3>\n<p>http:\/\/www.reiner-sct.com<\/p>\n<p>(Stand 2015)<\/p>\n","protected":false},"excerpt":{"rendered":"<p>Kartenleseger\u00e4tehersteller REINER SCT REINER SCT (REINER Kartenger\u00e4te GmbH und Co. KG) mit Sitz in Furtwangen geh\u00f6ren zur REINER Gruppe (Reiner GmbH &#038; Co. KG). REINER SCT wurde 1997 gegr\u00fcndet und besch\u00e4ftigt aktuell 45 Mitarbeiter. REINER SCT bietet diverse Produkte und L\u00f6sungen zur Verwendung von Chipkarten bzw. dem Einsatzes von Chipkartenlesern. Gesch\u00e4ftsfelder von REINER SCT REINER &hellip; <a href=\"https:\/\/www.kartenlesegeraet24.de\/index.php\/weiter-informationen-zu-personalausweis-kartenlesegeraeten\/hersteller-von-personalausweis-kartenlesegeraeten\/kartenlesegeraethersteller-reiner-sct\/\" class=\"more-link\"><span class=\"screen-reader-text\">Kartenleseger\u00e4thersteller REINER SCT<\/span> weiterlesen <span class=\"meta-nav\">&rarr;<\/span><\/a><\/p>\n","protected":false},"author":1,"featured_media":0,"parent":29,"menu_order":10,"comment_status":"closed","ping_status":"closed","template":"","meta":{"footnotes":""},"class_list":["post-1322","page","type-page","status-publish","hentry"],"_links":{"self":[{"href":"https:\/\/www.kartenlesegeraet24.de\/index.php\/wp-json\/wp\/v2\/pages\/1322","targetHints":{"allow":["GET"]}}],"collection":[{"href":"https:\/\/www.kartenlesegeraet24.de\/index.php\/wp-json\/wp\/v2\/pages"}],"about":[{"href":"https:\/\/www.kartenlesegeraet24.de\/index.php\/wp-json\/wp\/v2\/types\/page"}],"author":[{"embeddable":true,"href":"https:\/\/www.kartenlesegeraet24.de\/index.php\/wp-json\/wp\/v2\/users\/1"}],"replies":[{"embeddable":true,"href":"https:\/\/www.kartenlesegeraet24.de\/index.php\/wp-json\/wp\/v2\/comments?post=1322"}],"version-history":[{"count":6,"href":"https:\/\/www.kartenlesegeraet24.de\/index.php\/wp-json\/wp\/v2\/pages\/1322\/revisions"}],"predecessor-version":[{"id":1868,"href":"https:\/\/www.kartenlesegeraet24.de\/index.php\/wp-json\/wp\/v2\/pages\/1322\/revisions\/1868"}],"up":[{"embeddable":true,"href":"https:\/\/www.kartenlesegeraet24.de\/index.php\/wp-json\/wp\/v2\/pages\/29"}],"wp:attachment":[{"href":"https:\/\/www.kartenlesegeraet24.de\/index.php\/wp-json\/wp\/v2\/media?parent=1322"}],"curies":[{"name":"wp","href":"https:\/\/api.w.org\/{rel}","templated":true}]}}