{"id":1318,"date":"2017-02-21T10:23:12","date_gmt":"2017-02-21T09:23:12","guid":{"rendered":"http:\/\/www.kartenlesegeraet24.de\/?page_id=1318"},"modified":"2017-02-21T11:00:31","modified_gmt":"2017-02-21T10:00:31","slug":"kartenleserhersteller-kobil","status":"publish","type":"page","link":"https:\/\/www.kartenlesegeraet24.de\/index.php\/weiter-informationen-zu-personalausweis-kartenlesegeraeten\/hersteller-von-personalausweis-kartenlesegeraeten\/kartenleserhersteller-kobil\/","title":{"rendered":"Kartenleserhersteller KOBIL"},"content":{"rendered":"<h2>Kartenleseger\u00e4tehersteller KOBIL<\/h2>\n<p>KOBIL (KOBIL Systems GmbH) mit Sitz in Worms wurde 1986 gegr\u00fcndet. Der Hersteller von Kartenleseger\u00e4ten bietet verschiedene Produkte und L\u00f6sungen f\u00fcr Business- und Privatanwender an, die den optimalen Schutz von Online-Banking-Vorg\u00e4ngen und Zugangskontrollen gew\u00e4hrleisten. <\/p>\n<h3>KOBIL Anbieter von IT-Sicherheitstechnologien<\/h3>\n<p>KOBIL ist einer der f\u00fchrenden Anbieter von IT-Sicherheitstechnologien, wie z. B. <a href=\"http:\/\/www.kartenlesegeraet24.de\/index.php\/personalausweis-kartenlesegeraete\/\">Kartenlesern f\u00fcr den Einsatz des Personalausweises<\/a>. Ebenso ist KOBIL in der Entwicklung von Smartcards und kryptografischen Verfahren aktiv. Ein weiteres Gesch\u00e4ftsfeld von KOBIL ist der Bereich Public-Key-Infrastruktur.<\/p>\n<h3>Webseite von KOBIL<\/h3>\n<p>http:\/\/www.kobil.com\/de\/<br \/>\n(Stand 2015)<\/p>\n","protected":false},"excerpt":{"rendered":"<p>Kartenleseger\u00e4tehersteller KOBIL KOBIL (KOBIL Systems GmbH) mit Sitz in Worms wurde 1986 gegr\u00fcndet. Der Hersteller von Kartenleseger\u00e4ten bietet verschiedene Produkte und L\u00f6sungen f\u00fcr Business- und Privatanwender an, die den optimalen Schutz von Online-Banking-Vorg\u00e4ngen und Zugangskontrollen gew\u00e4hrleisten. KOBIL Anbieter von IT-Sicherheitstechnologien KOBIL ist einer der f\u00fchrenden Anbieter von IT-Sicherheitstechnologien, wie z. B. Kartenlesern f\u00fcr den Einsatz &hellip; <a href=\"https:\/\/www.kartenlesegeraet24.de\/index.php\/weiter-informationen-zu-personalausweis-kartenlesegeraeten\/hersteller-von-personalausweis-kartenlesegeraeten\/kartenleserhersteller-kobil\/\" class=\"more-link\"><span class=\"screen-reader-text\">Kartenleserhersteller KOBIL<\/span> weiterlesen <span class=\"meta-nav\">&rarr;<\/span><\/a><\/p>\n","protected":false},"author":1,"featured_media":0,"parent":29,"menu_order":20,"comment_status":"closed","ping_status":"closed","template":"","meta":{"footnotes":""},"class_list":["post-1318","page","type-page","status-publish","hentry"],"_links":{"self":[{"href":"https:\/\/www.kartenlesegeraet24.de\/index.php\/wp-json\/wp\/v2\/pages\/1318","targetHints":{"allow":["GET"]}}],"collection":[{"href":"https:\/\/www.kartenlesegeraet24.de\/index.php\/wp-json\/wp\/v2\/pages"}],"about":[{"href":"https:\/\/www.kartenlesegeraet24.de\/index.php\/wp-json\/wp\/v2\/types\/page"}],"author":[{"embeddable":true,"href":"https:\/\/www.kartenlesegeraet24.de\/index.php\/wp-json\/wp\/v2\/users\/1"}],"replies":[{"embeddable":true,"href":"https:\/\/www.kartenlesegeraet24.de\/index.php\/wp-json\/wp\/v2\/comments?post=1318"}],"version-history":[{"count":3,"href":"https:\/\/www.kartenlesegeraet24.de\/index.php\/wp-json\/wp\/v2\/pages\/1318\/revisions"}],"predecessor-version":[{"id":1321,"href":"https:\/\/www.kartenlesegeraet24.de\/index.php\/wp-json\/wp\/v2\/pages\/1318\/revisions\/1321"}],"up":[{"embeddable":true,"href":"https:\/\/www.kartenlesegeraet24.de\/index.php\/wp-json\/wp\/v2\/pages\/29"}],"wp:attachment":[{"href":"https:\/\/www.kartenlesegeraet24.de\/index.php\/wp-json\/wp\/v2\/media?parent=1318"}],"curies":[{"name":"wp","href":"https:\/\/api.w.org\/{rel}","templated":true}]}}