{"id":1313,"date":"2017-02-20T20:00:39","date_gmt":"2017-02-20T19:00:39","guid":{"rendered":"http:\/\/www.kartenlesegeraet24.de\/?page_id=1313"},"modified":"2017-02-21T10:43:57","modified_gmt":"2017-02-21T09:43:57","slug":"kartenlesegeraetehersteller-hid-global","status":"publish","type":"page","link":"https:\/\/www.kartenlesegeraet24.de\/index.php\/weiter-informationen-zu-personalausweis-kartenlesegeraeten\/hersteller-von-personalausweis-kartenlesegeraeten\/kartenlesegeraetehersteller-hid-global\/","title":{"rendered":"Kartenleseger\u00e4tehersteller HID Global"},"content":{"rendered":"<h2>Kartenleseger\u00e4tehersteller HID Global<\/h2>\n<p>HID Global mit dem Headquater in Irvine (Californien) wurde von Assa Abloy als &#8222;Hughes Identification Devices&#8220; gegr\u00fcndet und stellt urspr\u00fcnglich <a href=\"http:\/\/www.kartenlesegeraet24.de\/index.php\/kartenleser-bzw-kartenlesegeraete\/einsatzbereiche-von-kartenlesegeraeten\/\">Eingangs- und Zugangskontrollsystemen<\/a> her. Aktuell verkauft HID Global physische Zutrittskontroll- und Zugangskontrollsysteme sowie Sicherheitsl\u00f6sungen, die z. B. Kartenleseger\u00e4te, Kartendrucker, Encoder und entsprechende Software umfassen. <\/p>\n<h3>Weitere Gesch\u00e4ftsfelder von HID Global<\/h3>\n<p>Ein weiteres Gesch\u00e4ftsfeld von HID Global ist der Bereich des bargeldlosen Bezahlens, ID-L\u00f6sungen, RFID-L\u00f6sungen f\u00fcr Industrie und Logistik und Animal-ID-L\u00f6sungen. Unter anderem bietet HID Global auch <a href=\"http:\/\/www.kartenlesegeraet24.de\/index.php\/personalausweis-kartenlesegeraete\/\">Kartenleser f\u00fcr die elektronischen Funktionen des Personalausweises<\/a> an.<\/p>\n<h3>Webeseite von HID Global<\/h3>\n<p>http:\/\/www.hidglobal.com<br \/>\n(STand 2015)<\/p>\n","protected":false},"excerpt":{"rendered":"<p>Kartenleseger\u00e4tehersteller HID Global HID Global mit dem Headquater in Irvine (Californien) wurde von Assa Abloy als &#8222;Hughes Identification Devices&#8220; gegr\u00fcndet und stellt urspr\u00fcnglich Eingangs- und Zugangskontrollsystemen her. Aktuell verkauft HID Global physische Zutrittskontroll- und Zugangskontrollsysteme sowie Sicherheitsl\u00f6sungen, die z. B. Kartenleseger\u00e4te, Kartendrucker, Encoder und entsprechende Software umfassen. Weitere Gesch\u00e4ftsfelder von HID Global Ein weiteres Gesch\u00e4ftsfeld &hellip; <a href=\"https:\/\/www.kartenlesegeraet24.de\/index.php\/weiter-informationen-zu-personalausweis-kartenlesegeraeten\/hersteller-von-personalausweis-kartenlesegeraeten\/kartenlesegeraetehersteller-hid-global\/\" class=\"more-link\"><span class=\"screen-reader-text\">Kartenleseger\u00e4tehersteller HID Global<\/span> weiterlesen <span class=\"meta-nav\">&rarr;<\/span><\/a><\/p>\n","protected":false},"author":1,"featured_media":0,"parent":29,"menu_order":70,"comment_status":"closed","ping_status":"closed","template":"","meta":{"footnotes":""},"class_list":["post-1313","page","type-page","status-publish","hentry"],"_links":{"self":[{"href":"https:\/\/www.kartenlesegeraet24.de\/index.php\/wp-json\/wp\/v2\/pages\/1313","targetHints":{"allow":["GET"]}}],"collection":[{"href":"https:\/\/www.kartenlesegeraet24.de\/index.php\/wp-json\/wp\/v2\/pages"}],"about":[{"href":"https:\/\/www.kartenlesegeraet24.de\/index.php\/wp-json\/wp\/v2\/types\/page"}],"author":[{"embeddable":true,"href":"https:\/\/www.kartenlesegeraet24.de\/index.php\/wp-json\/wp\/v2\/users\/1"}],"replies":[{"embeddable":true,"href":"https:\/\/www.kartenlesegeraet24.de\/index.php\/wp-json\/wp\/v2\/comments?post=1313"}],"version-history":[{"count":3,"href":"https:\/\/www.kartenlesegeraet24.de\/index.php\/wp-json\/wp\/v2\/pages\/1313\/revisions"}],"predecessor-version":[{"id":1329,"href":"https:\/\/www.kartenlesegeraet24.de\/index.php\/wp-json\/wp\/v2\/pages\/1313\/revisions\/1329"}],"up":[{"embeddable":true,"href":"https:\/\/www.kartenlesegeraet24.de\/index.php\/wp-json\/wp\/v2\/pages\/29"}],"wp:attachment":[{"href":"https:\/\/www.kartenlesegeraet24.de\/index.php\/wp-json\/wp\/v2\/media?parent=1313"}],"curies":[{"name":"wp","href":"https:\/\/api.w.org\/{rel}","templated":true}]}}