{"id":1306,"date":"2017-02-20T19:52:38","date_gmt":"2017-02-20T18:52:38","guid":{"rendered":"http:\/\/www.kartenlesegeraet24.de\/?page_id=1306"},"modified":"2017-06-09T13:06:40","modified_gmt":"2017-06-09T11:06:40","slug":"lesegeraethersteller-gemalto","status":"publish","type":"page","link":"https:\/\/www.kartenlesegeraet24.de\/index.php\/weiter-informationen-zu-personalausweis-kartenlesegeraeten\/hersteller-von-personalausweis-kartenlesegeraeten\/lesegeraethersteller-gemalto\/","title":{"rendered":"Leseger\u00e4thersteller Gemalto"},"content":{"rendered":"<h2>Kartenleseger\u00e4tehersteller Gemalto<\/h2>\n<p>Gemalto entstand aus der Vereinigung des Unternehmens Gemplus aus Luxemburg und dem Unternehmen Axalto aus den Niederlanden. Das Unternehmen ist mit einem Umsatz 2010 von 1,9 Milliarden Euro im Jahr 2010 einer der weltweit gr\u00f6\u00dften Anbieter von Chipkarten. Das Unternehmen Gemalto ist ein Spezialist f\u00fcr die Herstellung von Chipkarten und Smardcard Reader bzw. Chipkartenleseger\u00e4ten, wie <\/p>\n<ul>\n<li>SIM-Karten f\u00fcr Mobilger\u00e4te,<\/li>\n<li>Kreditkarten und <\/li>\n<li>Personal Devices (personenbezogene Produkte).<\/li>\n<\/ul>\n<h3>Weitere Gesch\u00e4ftsfelder von Gemalto<\/h3>\n<p>Weiterhin produziert Gemalto elektronische P\u00e4sse, Gesundheitskarten, speziell Unternehmensausweise und EC-Karten, als Dokumente bzw. Karten f\u00fcr die der Einsatz eines Chipkartenlesers n\u00f6tig ist. Ebenso bietet Gemalto auch <a href=\"http:\/\/www.kartenlesegeraet24.de\/index.php\/personalausweis-kartenlesegeraete\/\">Kartenleseger\u00e4te f\u00fcr den elektronischen Personalausweis<\/a> an. Damit bietet Gemalto ein breites Portfolio an digitalen End-to-End-Sicherheitsl\u00f6sungen bis hin zur Implementierung und dem Management dieser.<\/p>\n<h3>Webseite von Gemalto<\/h3>\n<p>http:\/\/www.gemalto.com<br \/>\n(Stand 2015)<\/p>\n","protected":false},"excerpt":{"rendered":"<p>Kartenleseger\u00e4tehersteller Gemalto Gemalto entstand aus der Vereinigung des Unternehmens Gemplus aus Luxemburg und dem Unternehmen Axalto aus den Niederlanden. Das Unternehmen ist mit einem Umsatz 2010 von 1,9 Milliarden Euro im Jahr 2010 einer der weltweit gr\u00f6\u00dften Anbieter von Chipkarten. Das Unternehmen Gemalto ist ein Spezialist f\u00fcr die Herstellung von Chipkarten und Smardcard Reader bzw. &hellip; <a href=\"https:\/\/www.kartenlesegeraet24.de\/index.php\/weiter-informationen-zu-personalausweis-kartenlesegeraeten\/hersteller-von-personalausweis-kartenlesegeraeten\/lesegeraethersteller-gemalto\/\" class=\"more-link\"><span class=\"screen-reader-text\">Leseger\u00e4thersteller Gemalto<\/span> weiterlesen <span class=\"meta-nav\">&rarr;<\/span><\/a><\/p>\n","protected":false},"author":1,"featured_media":0,"parent":29,"menu_order":60,"comment_status":"closed","ping_status":"closed","template":"","meta":{"footnotes":""},"class_list":["post-1306","page","type-page","status-publish","hentry"],"_links":{"self":[{"href":"https:\/\/www.kartenlesegeraet24.de\/index.php\/wp-json\/wp\/v2\/pages\/1306","targetHints":{"allow":["GET"]}}],"collection":[{"href":"https:\/\/www.kartenlesegeraet24.de\/index.php\/wp-json\/wp\/v2\/pages"}],"about":[{"href":"https:\/\/www.kartenlesegeraet24.de\/index.php\/wp-json\/wp\/v2\/types\/page"}],"author":[{"embeddable":true,"href":"https:\/\/www.kartenlesegeraet24.de\/index.php\/wp-json\/wp\/v2\/users\/1"}],"replies":[{"embeddable":true,"href":"https:\/\/www.kartenlesegeraet24.de\/index.php\/wp-json\/wp\/v2\/comments?post=1306"}],"version-history":[{"count":7,"href":"https:\/\/www.kartenlesegeraet24.de\/index.php\/wp-json\/wp\/v2\/pages\/1306\/revisions"}],"predecessor-version":[{"id":1871,"href":"https:\/\/www.kartenlesegeraet24.de\/index.php\/wp-json\/wp\/v2\/pages\/1306\/revisions\/1871"}],"up":[{"embeddable":true,"href":"https:\/\/www.kartenlesegeraet24.de\/index.php\/wp-json\/wp\/v2\/pages\/29"}],"wp:attachment":[{"href":"https:\/\/www.kartenlesegeraet24.de\/index.php\/wp-json\/wp\/v2\/media?parent=1306"}],"curies":[{"name":"wp","href":"https:\/\/api.w.org\/{rel}","templated":true}]}}