{"id":1294,"date":"2017-02-20T18:03:32","date_gmt":"2017-02-20T17:03:32","guid":{"rendered":"http:\/\/www.kartenlesegeraet24.de\/?page_id=1294"},"modified":"2017-02-21T10:58:09","modified_gmt":"2017-02-21T09:58:09","slug":"kartenleserhersteller-baltech","status":"publish","type":"page","link":"https:\/\/www.kartenlesegeraet24.de\/index.php\/weiter-informationen-zu-personalausweis-kartenlesegeraeten\/hersteller-von-personalausweis-kartenlesegeraeten\/kartenleserhersteller-baltech\/","title":{"rendered":"Kartenleserhersteller BALTECH"},"content":{"rendered":"<h2>Kartenleseger\u00e4thersteller BALTECH<\/h2>\n<p>Das Unternehmen BALTECH wurde 1996 gegr\u00fcndet. Die Ausrichtung von BALTECH ist die Entwicklung, die Produktion sowie der Vertrieb von Schreib- und Leseger\u00e4ten f\u00fcr <a href=\"http:\/\/www.kartenlesegeraet24.de\/index.php\/kartenleser-bzw-kartenlesegeraete\/kontaktlose-bzw-kontaktbehaftete-kartenleser\/\">kontaktlose Smartcards<\/a>. BALTECH will damit den stetig wachsenden Bedarf des Marktes an ber\u00fchrungsloser Smartcard- und RFID-Technologie mit hochqualitativen Produkten und L\u00f6sungen beliefern. <\/p>\n<h3>Entwicklung von mifare Smartcard Schreib- und Leseger\u00e4ten durch BALTECH<\/h3>\n<p>Die ersten Schritte umfassten zun\u00e4chst die Entwicklung und Herstellung sowie den Vertrieb von mifare Smartcard Schreib- und Leseger\u00e4ten. Mit der ersten mifare-Produktfamilie geh\u00f6rte BALTECH neben Philips zu den einzigen Herstellern eigener RF-Technologie im Bereich von 13.56 MHz -Systeme. Mit der Einf\u00fchrung der RFID\/SmartLabel-Technologie war BALTECH 1998 in diesem Segment einer der ersten Anbieter von Leseger\u00e4ten.<\/p>\n<h3>Webseite von BALTECH<\/h3>\n<p>http:\/\/www.baltech.de<br \/>\n(Stand 2015)<\/p>\n","protected":false},"excerpt":{"rendered":"<p>Kartenleseger\u00e4thersteller BALTECH Das Unternehmen BALTECH wurde 1996 gegr\u00fcndet. Die Ausrichtung von BALTECH ist die Entwicklung, die Produktion sowie der Vertrieb von Schreib- und Leseger\u00e4ten f\u00fcr kontaktlose Smartcards. BALTECH will damit den stetig wachsenden Bedarf des Marktes an ber\u00fchrungsloser Smartcard- und RFID-Technologie mit hochqualitativen Produkten und L\u00f6sungen beliefern. Entwicklung von mifare Smartcard Schreib- und Leseger\u00e4ten durch &hellip; <a href=\"https:\/\/www.kartenlesegeraet24.de\/index.php\/weiter-informationen-zu-personalausweis-kartenlesegeraeten\/hersteller-von-personalausweis-kartenlesegeraeten\/kartenleserhersteller-baltech\/\" class=\"more-link\"><span class=\"screen-reader-text\">Kartenleserhersteller BALTECH<\/span> weiterlesen <span class=\"meta-nav\">&rarr;<\/span><\/a><\/p>\n","protected":false},"author":1,"featured_media":0,"parent":29,"menu_order":240,"comment_status":"closed","ping_status":"closed","template":"","meta":{"footnotes":""},"class_list":["post-1294","page","type-page","status-publish","hentry"],"_links":{"self":[{"href":"https:\/\/www.kartenlesegeraet24.de\/index.php\/wp-json\/wp\/v2\/pages\/1294","targetHints":{"allow":["GET"]}}],"collection":[{"href":"https:\/\/www.kartenlesegeraet24.de\/index.php\/wp-json\/wp\/v2\/pages"}],"about":[{"href":"https:\/\/www.kartenlesegeraet24.de\/index.php\/wp-json\/wp\/v2\/types\/page"}],"author":[{"embeddable":true,"href":"https:\/\/www.kartenlesegeraet24.de\/index.php\/wp-json\/wp\/v2\/users\/1"}],"replies":[{"embeddable":true,"href":"https:\/\/www.kartenlesegeraet24.de\/index.php\/wp-json\/wp\/v2\/comments?post=1294"}],"version-history":[{"count":3,"href":"https:\/\/www.kartenlesegeraet24.de\/index.php\/wp-json\/wp\/v2\/pages\/1294\/revisions"}],"predecessor-version":[{"id":1297,"href":"https:\/\/www.kartenlesegeraet24.de\/index.php\/wp-json\/wp\/v2\/pages\/1294\/revisions\/1297"}],"up":[{"embeddable":true,"href":"https:\/\/www.kartenlesegeraet24.de\/index.php\/wp-json\/wp\/v2\/pages\/29"}],"wp:attachment":[{"href":"https:\/\/www.kartenlesegeraet24.de\/index.php\/wp-json\/wp\/v2\/media?parent=1294"}],"curies":[{"name":"wp","href":"https:\/\/api.w.org\/{rel}","templated":true}]}}